 Let n = -10 - x. Suppose a - 4 = -0*a - y, 3*a + 5*y - n = 0. List the prime factors of a.
3
List the prime factors of (-4)/(-2)*(-76)/(-8).
19
Let h = 190 - 78. What are the prime factors of h?
2, 7
Let m(p) = -5*p**3 - 19*p**2 + 3*p - 3. What are the prime factors of m(-6)?
3, 5
Let o be -7*(1 - (-74)/(-14)). Suppose -i = -2*y - 58 + 8, 0 = i + y - 35. Suppose -o = -3*x - s, 0 = -5*x - 7*s + 2*s + i. List the prime factors of x.
11
Suppose 6*o - 5*o = 3. Let p = o + 2. What are the prime factors of p?
5
Suppose -6*g + 855 + 801 = 0. What are the prime factors of g?
2, 3, 23
Suppose 199*n - 120 = 198*n. What are the prime factors of n?
2, 3, 5
Let h(n) = -n**3 - 25*n**2 + 26*n + 29. List the prime factors of h(-26).
29
Let m be -2*(2 - (-20)/(-8)). What are the prime factors of (-20)/(-15)*6/m?
2
Suppose 0 = -5*x - 4*v - 9, 0 = -4*x - v + 3 - 8. Let l be (12/(-10))/(x/5). Suppose -h = h - l. What are the prime factors of h?
3
Let k(n) = n**3 - 6*n**2 + 5*n + 3. Suppose -4*q - 8 = -28. What are the prime factors of k(q)?
3
Let z(x) = -29*x**3 + x**2 + x. List the prime factors of z(-1).
29
Let v be (1/1)/((-3)/(-9)). Suppose 2*j + g + 14 = 5*g, -v*g = -j - 9. Let c = 1 - j. List the prime factors of c.
2
Let u = 3 + -3. Suppose u*n - 3*n = -9. Suppose -8 = 4*c, c - n*c = -2*s + 26. What are the prime factors of s?
11
Suppose -5*c = 3 + 7. Let u be c*((-13)/2 - 1). What are the prime factors of (1/(-5) - -1)*u?
2, 3
Let u = 6 - -28. List the prime factors of u.
2, 17
Suppose 2*v - 3*v = 3. Let w(f) = -f**3 - 6*f**2 + 7*f - 1. Let p be w(-7). List the prime factors of v*4/(-6) - p.
3
Let h be (-2)/(0 - 4/42). Suppose 0 = 6*p - 3*p - h. What are the prime factors of p?
7
Suppose 74 = -5*j - 2*a + 1131, 2*a + 8 = 0. List the prime factors of j.
3, 71
Suppose 20*h = 19*h + 41. List the prime factors of h.
41
Let r be 4/6 + (-76)/6. Let b = 0 - r. List the prime factors of b.
2, 3
Let z be (-1)/((-2)/(-4)) + -10. Let f be (90/z)/((-2)/4). What are the prime factors of (-2 - f/(-6))*34?
17
Let x = -78 + 118. Suppose 5*j + x - 155 = 0. List the prime factors of j.
23
Let m(t) = 3*t + 12*t**2 + t**3 - 16*t**2 + 3 + 0*t. List the prime factors of m(3).
3
Let u be (1/(-3))/(2/(-18)). Suppose 16 + 14 = u*n. What are the prime factors of n?
2, 5
Suppose 0*j + 235 = h + j, 709 = 3*h + 4*j. What are the prime factors of 3/18 - h/(-18)?
13
Let s = -18 + 12. Let l be s + 5 - (-2 + 1). Suppose l = -v - r + 15, -3*v + 2*r + 30 = -v. What are the prime factors of v?
3, 5
Suppose -q - v + 123 = 38, -v - 259 = -3*q. What are the prime factors of q?
2, 43
Suppose 4*j = -4*w - 0*w + 4, 0 = -5*w - 5. Let z be (2 - 0 - j)/2. Suppose z = -5*t + 10 + 35. List the prime factors of t.
3
Suppose -k - 25 = -6*k. Let r(u) = -u**3 + 6*u**2 - 4*u + 1. Let s be r(k). Let v = 0 + s. What are the prime factors of v?
2, 3
Let i(y) = 7*y**2 + y. Let s be i(-1). Let z(w) = 2*w - 5. List the prime factors of z(s).
7
Let w = -16 - -26. Suppose 0 = 2*b - w, 0*m - 2*b = 5*m - 95. What are the prime factors of m?
17
Suppose -6*k + 573 = 45. List the prime factors of k.
2, 11
Let h be (4/7)/((-2)/(-7)). Let a(t) = 4*t + 9 - h*t - t + 0*t. List the prime factors of a(-6).
3
Suppose 10*v - 11*v + 77 = 0. List the prime factors of v.
7, 11
Let v be (-2)/3*(1 + -4). Suppose v*g = -4 - 2. Let n = 0 - g. List the prime factors of n.
3
Suppose 0 = 4*x - 4*h - 28, 3*x = -3*h - 5 - 4. Suppose 0 = -x*z - 3*r + 20, -5*r = 5*z + 1 - 46. What are the prime factors of z?
7
Suppose 2*r + 14 = 3*q, 4*q = -0*r + r + 17. What are the prime factors of (q - 3)*(17 - -1)?
2, 3
Let f(x) = -56*x + 3. List the prime factors of f(-2).
5, 23
Let x(n) = -15*n + 8. List the prime factors of x(-3).
53
Suppose -31 + 1 = -2*t. Suppose k + 4*o = 2*o + 4, 5*k + 5*o = t. Suppose -k*z + 5 = -13. What are the prime factors of z?
3
Suppose 2*s = 0, 0 = -3*n - 0*n - 4*s + 90. What are the prime factors of n?
2, 3, 5
Let j(z) = 4*z - 6. Let u(l) = -l - 1. Let k(q) = -j(q) - 5*u(q). Let o(b) = 1. Let w(f) = -4*k(f) + 44*o(f). List the prime factors of w(-2).
2
Let v(u) = u**3 - 1. Let a be v(1). Let l(s) = 7 - s + 0*s**2 + s**3 + a*s + s**2. What are the prime factors of l(0)?
7
Let i be -2 - (3 - 6) - -3. Suppose 5*v - 15 = 0, 0 = m - 4*m + v + 87. Suppose -m = -i*u - u. What are the prime factors of u?
2, 3
Let r = 98 - 44. What are the prime factors of r?
2, 3
Let w(k) = -1. Let a(y) = -y. Let n(v) = 2*a(v) - w(v). Let s = -2 + -3. List the prime factors of n(s).
11
Let f(z) = -z - 1. Let y be f(-4). Let i(v) = -8*v**2 - 2*v - 5 + 0*v**3 + y*v**3 - 4*v**3. List the prime factors of i(-8).
11
List the prime factors of (-2)/(-10) - (-9)/5 - -107.
109
Suppose -2*a + 28 + 0 = 0. List the prime factors of a.
2, 7
Let m(d) be the third derivative of -d**7/1680 + d**5/20 + 3*d**2. Let k(w) be the third derivative of m(w). List the prime factors of k(-1).
3
Let r(k) = -5*k + 30. List the prime factors of r(-5).
5, 11
Let a(c) = c**2 - c + 1. Let l(w) = 5*w**2 - 12*w + 8. Let x(k) = -6*a(k) + l(k). Let i be x(-6). Suppose 0 = 4*t - i*t - 28. What are the prime factors of t?
2, 7
Suppose 0 = -0*t + 2*t - 30. Suppose -t = 2*g - 5*g. List the prime factors of g.
5
Let v(u) = u**2 + 27. Let w be v(0). Suppose i - 10 = -p, 3*i - w = p + 23. List the prime factors of i.
3, 5
Let o(b) = -2*b**2 - b + 1. Let z be o(3). Let u = z + 36. What are the prime factors of u?
2
Suppose -2*o + 4*r - 8 = -0*o, -o - 3*r + 11 = 0. Suppose -5*n - 5 = -5*b - 25, 2*n = 5*b + 8. List the prime factors of n + 1/((-2)/o).
3
Let z(r) = -r**2 + 14*r - 2. Let g be z(13). Suppose -2*o = -p + g, o + 2*o = p - 13. What are the prime factors of p?
7
Suppose -5*a + 2*n + 90 = 0, -5*n + 39 = 7*a - 3*a. Suppose 5*q - 24 = -j, -3*j - 2*q = -q - a. Suppose -j*g + 31 = 3. List the prime factors of g.
7
Let i(h) = -4*h - 24. What are the prime factors of i(-13)?
2, 7
Let o(c) = 2*c**3 - 3*c**2 - 4*c - 3. Let a be o(-2). Let h = a + 40. List the prime factors of h + (-1 + -2)/1.
2, 7
Let z(i) be the third derivative of i**4/6 - i**3/2 - 3*i**2. List the prime factors of z(3).
3
Suppose -2 + 11 = 3*w. Suppose 4*j = j - o + 60, 0 = 5*j - w*o - 86. List the prime factors of j.
19
Let m(o) = -19*o + 4. Let b be m(3). Let g = 108 + b. Suppose l + 3*l = -5*r + 85, r = 4*l - g. What are the prime factors of l?
3, 5
Suppose -4*v + 2 = -6. Suppose v*h = 3*h - 5. What are the prime factors of h?
5
Let z be 2/(-5) - (-2)/5. Let f be -8*(-3 - (-11)/4). Suppose -5*d + 58 + f = z. List the prime factors of d.
2, 3
Suppose 3*k - 198 = -2*v - k, -2*k + 204 = 2*v. List the prime factors of v.
3, 5, 7
Let g(b) = 5*b**2 - 2*b. Let v be g(-2). Suppose 7*l - 4*l - v = 0. Suppose -4*a + 3*a = -l. List the prime factors of a.
2
Suppose -o = -3*v + v - 7, -5*o + 2*v = -27. Let z be (-30)/9*(-6)/o. Let g = 6 - z. List the prime factors of g.
2
Let y(t) = 16*t - 20. Let r(z) = -5*z + 7. Let s(p) = -17*r(p) - 6*y(p). Suppose 0 = g - 3*g - 2. What are the prime factors of s(g)?
2, 3
Let b be (-16)/6*(-3)/2. Let n be ((-8)/6)/(4/12). Let p = b - n. What are the prime factors of p?
2
Suppose 20 = -2*p + 4*p. List the prime factors of p.
2, 5
Let n be -1 - -19*1/1. Let j = n - 11. List the prime factors of j.
7
Suppose 0 = -6*t - 204 + 936. What are the prime factors of t?
2, 61
Let p(y) be the first derivative of -2*y**2 - 18*y + 1. List the prime factors of p(-9).
2, 3
Let j be (-2)/((-26)/(-10) - 3). Suppose n = 1, -2*n = j*o + 3*n - 75. What are the prime factors of o?
2, 7
Let x(f) = -f - 8. Let n be x(-8). List the prime factors of (n + -1)/((-1)/3).
3
Let g(u) = u**3 + 5*u**2 - 7*u - 4. Let c be g(-6). Let z(l) = -l**c + 0 + 0*l**3 - l - l**2 + 1 + l**3. List the prime factors of z(3).
7
What are the prime factors of -4*1 + 1*(201 - 4)?
193
List the prime factors of 3 + (39 - (-10)/(-5)).
2, 5
Let p = 14 - 12. Suppose -5*w + 251 = 4*n, -p*n - 102 = -2*w - 4*n. List the prime factors of w.
47
List the prime factors of 155/10 - (-2)/(-4).
3, 5
Let s(u) = u**3 + 12*u**2 - 2*u - 9. Let b = -38 + 26. What are the prime factors of s(b)?
3, 5
Suppose 5*p = n + 19, -2*p + 2*n = p - 17. Suppose -w = p*w - 88. List the prime factors of w.
2, 11
Suppose 4*q - 2*h - 24 = 0, -3*q - 2*h + 5 = 3*h. Suppose -